 base 10?
-3160190
b5356 (base 12) to base 4
321322302
-40aa6 (base 14) to base 8
-460172
What is -30130131 (base 5) in base 10?
-239416
What is -5dcfb5 (base 16) in base 8?
-27347665
-806453 (base 12) to base 8
-7505377
164087 (base 12) to base 2
1011100110101100111
Convert 8b3ab (base 15) to base 8.
1541121
What is -12130312 (base 4) in base 2?
-110011100110110
What is 5101102 (base 7) in base 4?
2103310012
What is 79a1c (base 13) in base 9?
366646
What is -120120222222 (base 3) in base 8?
-1127334
-1000121012 (base 3) to base 4
-10322120
Convert 510513 (base 12) to base 10.
1265631
Convert -20052556 (base 7) to base 13.
-4617b2
Convert 153a5 (base 11) to base 2.
101010100001110
12020010101120 (base 3) to base 8
12461257
-1254141 (base 6) to base 8
-207755
a9bb4 (base 15) to base 6
15320341
-142041102 (base 7) to base 8
-43374315
-1542618 (base 10) to base 12
-624876
33345005 (base 8) to base 11
40748a8
What is 3544150 (base 9) in base 16?
1d4786
-14520045 (base 6) to base 11
-317794
Convert -2232322 (base 6) to base 3.
-12202102112
-17595a (base 11) to base 13
-9667b
What is -80765 (base 9) in base 11?
-369a6
What is -114000144 (base 6) in base 14?
-3dc22c
bb208 (base 13) to base 3
122012120212
101011001010100111 (base 2) to base 16
2b2a7
-20231121 (base 4) to base 12
-18789
Convert 1202102002201 (base 3) to base 6.
32000201
50818 (base 15) to base 12
103658
Convert 23426532 (base 7) to base 9.
3811466
-110011011110101100011 (base 2) to base 12
-694257
1000331130 (base 4) to base 8
1007534
What is 144a65a (base 12) in base 15?
55994a
What is 158a1 (base 14) in base 3?
2201212021
Convert -49acac (base 14) to base 9.
-4671330
Convert 295946 (base 11) to base 9.
773251
Convert 4884424 (base 9) to base 13.
71bc78
Convert -445663 (base 7) to base 9.
-130181
-705183 (base 9) to base 2
-1100101110101111000
Convert -732ba (base 15) to base 14.
-970c5
What is 120232020 (base 4) in base 2?
11000101110001000
What is 245344 (base 7) in base 8?
130070
What is 2b30f (base 16) in base 11?
110a09
10330201 (base 7) to base 6
30515534
What is 224413133 (base 5) in base 8?
3673447
35309d (base 15) to base 7
30413455
What is 113a3 (base 12) in base 8?
54753
-91354 (base 14) to base 15
-6d6ba
-1041442 (base 6) to base 14
-15066
-22021211012 (base 3) to base 14
-4366a
1875385 (base 12) to base 11
2994a74
What is 1000110100010110 (base 2) in base 12?
18a9a
-20313211 (base 6) to base 15
-b85ed
30147441 (base 9) to base 16
dc54f0
Convert 13333011331 (base 4) to base 16.
1ff17d
Convert 117aa (base 16) to base 6.
1311242
What is 22221220012 (base 3) in base 16?
2b0d6
1164 (base 16) to base 10
4452
-84427 (base 11) to base 4
-132001111
Convert -1000111010101011001 (base 2) to base 8.
-1072531
What is -2590687 (base 13) in base 3?
-211010220000101
What is 116a04 (base 12) in base 2?
1000100101100100100
What is -615889 (base 10) in base 11?
-3907aa
1032466 (base 7) to base 14
33ba6
Convert 1642455 (base 11) to base 9.
5236337
What is ba5b4 (base 13) in base 5?
41242013
What is 60239 (base 16) in base 9?
660148
a1b23 (base 13) to base 14
77807
What is -265577 (base 8) in base 15?
-1c88a
-2200010102 (base 3) to base 15
-108a5
Convert a89419 (base 12) to base 5.
1140422412
-131d87 (base 16) to base 7
-13435212
What is 141353223 (base 6) in base 2?
1010111110010010001111
What is -3667057 (base 8) in base 13?
-295393
-411222341 (base 5) to base 11
-a37295
223ab3 (base 14) to base 5
244202304
Convert -442200140 (base 5) to base 2.
-111010010111011100001
What is 603382 (base 9) in base 4?
1113012332
-3552708 (base 12) to base 5
-10114412024
143fdc (base 16) to base 3
2111102101200
What is 68ba71 (base 13) in base 10?
2482195
Convert 12110152 (base 6) to base 3.
201102112112
-2213312030 (base 4) to base 6
-22422512
What is 269096 (base 13) in base 16?
e3fd8
-3b9cd (base 14) to base 3
-21111011102
What is 323413 (base 7) in base 4?
31302022
395070 (base 10) to base 3
202001221020
232453432 (base 7) to base 11
8098915
What is -110001110010110101110 (base 2) in base 8?
-6162656
-10001110111110011 (base 2) to base 15
-16a53
45cd3 (base 16) to base 10
285907
Convert -455641 (base 8) to base 6.
-3151225
Convert -24ee9c (base 16) to base 14.
-4700c4
What is -4443011 (base 5) in base 9?
-127744
14309 (base 15) to base 9
107810
Convert 737a42 (base 12) to base 14.
35457c
What is 246472 (base 9) in base 10?
149105
273524 (base 11) to base 13
120495
What is -11131131311 (base 4) in base 13?
-3b16b9
-19008 (base 12) to base 15
-ab4b
Convert -44662 (base 10) to base 14.
-123c2
-43232551 (base 7) to base 16
-3849c7
Convert -211110032 (base 4) to base 8.
-452416
Convert eb19 (base 15) to base 5.
3042444
-10431202322 (base 5) to base 8
-54142310
What is 321100303321 (base 4) in base 5?
12320323230
What is 36405 (base 13) in base 10?
99546
Convert 1aaa2 (base 16) to base 2.
11010101010100010
110411026 (base 7) to base 9
13467461
1100110011010110100101 (base 2) to base 9
6274585
-1109543 (base 12) to base 7
-36430353
Convert 1101100010011000010 (base 2) to base 12.
194856
-351400051 (base 6) to base 3
-110021001201011
Convert -18744a6 (base 11) to base 12.
-1089678
What is -aea913 (base 15) in base 10?
-8338293
What is 1906a (base 12) in base 8?
107022
What is 19a9494 (base 13) in base 8?
40250002
What is -21103313 (base 5) in base 12?
-85656
What is 441101332 (base 5) in base 2?
111001110011001001111
Convert -52540423 (base 6) to base 3.
-2220002122220
What is 653989 (base 12) in base 8?
6073271
Convert 3144301 (base 6) to base 7.
1210456
Convert -633625 (base 9) to base 16.
-5bf61
What is 144663 (base 8) in base 6?
1035015
3946da (base 15) to base 14
517a73
What is -1232006 (base 7) in base 3?
-22002022202
-13032133 (base 4) to base 14
-ab03
1556315 (base 10) to base 9
2831768
What is caa6 (base 16) in base 6?
1040102
Convert 10324322133 (base 5) to base 12.
38a6594
44dbaf (base 16) to base 7
53233344
What is 120444401 (base 5) in base 9?
1046513
Convert 11101100000010100 (base 2) to base 6.
2331300
Convert -107536 (base 8) to base 4.
-20331132
What is -9443790 (base 10) in base 8?
-44014716
What is -5d62 (base 14) in base 13?
-75a0
2212222001 (base 4) to base 7
5542106
Convert -10101000011000111 (base 2) to base 14.
-235c3
What is 10111100111000011 (base 2) in base 15?
1d9c2
-22201021110 (base 3) to base 15
-35c46
Convert -22412301 (base 5) to base 6.
-4150155
350504112 (base 6) to base 12
2205038
-1200221002 (base 3) to base 14
-c2b8
-1223331020 (base 4) to base 16
-6bf48
What is -6812 (base 16) in base 5?
-1323032
What is 2a14ee (base 16) in base 15?
397230
Convert -121200200000112 (base 3) to base 4.
-201311221112
-101212212122202 (base 3) to base 15
-793d45
Convert -1e106 (base 16) to base 13.
-44086
-676402 (base 10) to base 12
-28752a
Convert 104301211 (base 6) to base 3.
10120000101221
What is 808d94 (base 15) in base 10?
6105064
Convert -528191 (base 16) to base 4.
-110220012101
-16bdbb2 (base 14) to base 10
-11217040
1110000 (base 2) to base 5
422
1c8a3 (base 16) to base 6
2301111
Convert 220100333 (base 4) to base 10.
164927
Convert 324543 (base 6) to base 11.
19308
What is -7540212 (base 8) in base 9?
-3711510
1200122000121 (base 3) to base 14
195452
Convert a2c3e (base 15) to base 8.
1757257
Convert 12022211300 (base 4) to base 6.
54350332
33132333 (base 5) to base 8
1057601
What is -7000110 (base 10) in base 7?
-113333325
What is -3244122 (base 8) in base 13?
-2462a2
What is -11452005 (base 6) in base 5?
-43131423
What is -5ac6a7 (base 14) in base 2?
-1011110110101011001011
9249a0 (base 12) to base 6
121022320
Convert 11530554 (base 6) to base 16.
5a3a6
-1b4964 (base 13) to base 9
-1270472
-2a84b (base 13) to base 8
-235173
Convert 5140724 (base 9) to base 16.
29db2f
What is -4dff6b (base 16) in base 11?
-2981513
b331a7 (base 12) to base 14
53023d
11952b (base 12) to base 5
33122000
What is -6239747 (base 10) in base 4?
-113303120003
-1257d (base 14) to base 15
-d4ea
3502352 (base 6) to base 10
179420
Convert 3d1f2 (base 16) to base 9.
421371
What is 18628 (base 10) in base 13?
862c
5524041 (base 9) to base 5
1224443100
-13761857 (base 9) to base 5
-3222101210
-112001221010010 (base 3) to base 16
-721b96
What is 54a257 (base 11) in base 3?
1122120121112
Convert 7b3e25 (base 